 is 16c51a (base 16) in base 5?
340223000
What is -63251136 (base 8) in base 4?
-303111021132
101001100111110111 (base 2) to base 4
221213313
What is 1ab60 (base 16) in base 14?
2bc2c
Convert -48298a (base 11) to base 16.
-bacfd
Convert 2a4a062 (base 11) to base 7.
62262624
What is -1098bb7 (base 12) in base 11?
-1888343
What is 1101130130 (base 5) in base 15?
31a87a
Convert -12b9d1 (base 14) to base 11.
-401a39
Convert 6025120 (base 7) to base 6.
23134254
Convert 40233330 (base 5) to base 14.
85030
Convert 16363 (base 13) to base 10.
42331
What is -12660 (base 8) in base 5?
-134202
What is -1099163 (base 12) in base 7?
-36046365
-1bb504 (base 12) to base 9
-836254
Convert 8493196 (base 11) to base 7.
241044551
What is 502120 (base 8) in base 3?
22101021001
What is 15101770 (base 8) in base 6?
201433332
What is 27452 (base 13) in base 4?
101320130
1334111 (base 6) to base 12
37337
What is 544452 (base 6) in base 9?
67775
a3a13 (base 14) to base 9
660867
Convert 23339 (base 11) to base 12.
175a8
Convert 531333205 (base 6) to base 7.
142104050
What is -110101001101110110010110 (base 2) in base 14?
-1bd1d42
-816384 (base 9) to base 6
-14211034
551691 (base 11) to base 3
1122201222110
Convert 173a6 (base 13) to base 12.
21973
What is 5bc03 (base 14) in base 11?
14383a
What is d3c00 (base 14) in base 6?
14533024
-1001010101010111 (base 2) to base 13
-1452b
What is 10112221100221 (base 3) in base 8?
7150172
-11010010011010 (base 2) to base 8
-32232
24a27 (base 13) to base 3
10102202221
What is 115653422 (base 7) in base 11?
412a659
-1001000101110011111011 (base 2) to base 8
-11056373
What is -816b7a (base 12) in base 4?
-13232000032
-50916 (base 11) to base 4
-102021013
55879 (base 12) to base 5
12113230
What is -1212003 (base 4) in base 13?
-2c85
-111001011010000010 (base 2) to base 13
-83047
Convert -3f27f (base 16) to base 13.
-90990
-557532 (base 10) to base 4
-2020013130
-4203113114 (base 5) to base 3
-121021012102012
Convert -258849a (base 11) to base 13.
-c09881
What is -86266 (base 9) in base 15?
-11da9
Convert -226745 (base 8) to base 4.
-102313211
Convert 1a48ab4 (base 12) to base 14.
a50bc4
Convert 194598 (base 10) to base 9.
325840
-384830 (base 13) to base 3
-2112201100022
Convert -5113221 (base 7) to base 16.
-94953
Convert -1333045 (base 6) to base 8.
-221465
-3852017 (base 9) to base 8
-10007402
What is -72a46 (base 11) in base 10?
-106409
What is 10100100000100010100101 (base 2) in base 13?
1163082
-122003010 (base 4) to base 8
-320304
What is 111000111000111111 (base 2) in base 14?
60cc7
What is -2ea12 (base 15) in base 7?
-1165361
-1001101000110001011 (base 2) to base 16
-4d18b
Convert -10102021120 (base 3) to base 11.
-465a7
Convert -1441755 (base 8) to base 5.
-101114410
Convert a2aab (base 16) to base 7.
5443342
1050a45 (base 14) to base 3
112112101211122
506b6 (base 14) to base 7
1433616
Convert 5870b (base 12) to base 11.
81059
Convert -242251 (base 7) to base 2.
-1010110000000110
What is 15241100 (base 6) in base 7?
4353306
-12153466 (base 7) to base 15
-1679a1
What is 13231102332 (base 4) in base 16?
1ed4be
Convert 251cc (base 16) to base 14.
3d580
What is -1b71c (base 15) in base 11?
-6114a
What is 31001111 (base 4) in base 6?
1050525
What is 42792d (base 16) in base 13?
b96b66
What is 710270 (base 15) in base 12?
1969959
What is -9c959 (base 15) in base 7?
-4143402
What is 5346 (base 14) in base 3?
201201020
Convert 15454641 (base 8) to base 14.
68a0c9
What is -25baa (base 13) in base 14?
-1b798
Convert -117175 (base 10) to base 4.
-130212313
Convert -950418 (base 13) to base 8.
-15226723
Convert -19b303 (base 13) to base 6.
-21555123
Convert 1089544 (base 10) to base 15.
167c64
-102328 (base 10) to base 8
-307670
What is -5061126 (base 9) in base 14?
-50303b
1100010111011000 (base 2) to base 10
50648
453217 (base 8) to base 5
14400411
Convert -a9897 (base 16) to base 4.
-2221202113
What is -22411200 (base 5) in base 14?
-5326c
What is -4112544 (base 8) in base 13?
-2c08b7
Convert -300200331111 (base 4) to base 5.
-11223433114
Convert 3a453 (base 11) to base 4.
32012233
What is bb707 (base 13) in base 14?
8ba40
What is -3601315 (base 9) in base 13?
-533516
What is -3455240 (base 6) in base 16?
-2ba28
What is -95fd55 (base 16) in base 10?
-9829717
Convert -20936d (base 14) to base 12.
-451205
What is -2075060 (base 12) in base 15?
-8100dc
279a24 (base 16) to base 15
363ee4
What is 286568 (base 10) in base 8?
1057550
What is 83654 (base 11) in base 5?
12400111
Convert 5351c (base 15) to base 12.
109016
What is 3300134 (base 7) in base 5?
100402232
-11211200201102 (base 3) to base 15
-35c30b
Convert 131330010002 (base 4) to base 5.
4002120234
Convert 2525f (base 16) to base 5.
14332114
What is 14352171 (base 8) in base 9?
6126567
Convert 13102c (base 16) to base 2.
100110001000000101100
Convert -41635 (base 9) to base 16.
-6b63
Convert 10665e7 (base 15) to base 8.
54542577
What is -95bb96 (base 14) in base 8?
-23244410
What is 122011022020 (base 3) in base 5?
41301444
Convert -7575311 (base 10) to base 2.
-11100111001011100001111
What is -100100000111000001 (base 2) in base 7?
-1154132
43403334 (base 6) to base 13
362b75
What is 9f3e4 (base 16) in base 14?
12d9c0
What is 101011111010010011 (base 2) in base 16?
2be93
What is -10440411 (base 5) in base 2?
-10110110000101111
Convert -323313232 (base 4) to base 3.
-110110101121
-12708 (base 14) to base 8
-130344
-11166 (base 9) to base 4
-1310013
What is 10265555 (base 7) in base 5?
210423223
What is -45412563 (base 7) in base 11?
-225aa67
2d5708 (base 15) to base 16
217f85
What is 2558126 (base 9) in base 14?
2850c5
What is 94251 (base 10) in base 5?
11004001
11010000110100011011 (base 2) to base 4
3100310123
-5b1b3 (base 12) to base 5
-12413332
c35218 (base 14) to base 13
1496635
-60032 (base 11) to base 4
-111131021
10010110011100010001110 (base 2) to base 9
10243220
Convert -211112220122022 (base 3) to base 6.
-1104515055
Convert 10142033 (base 7) to base 11.
531131
What is 4c4a0a (base 15) in base 9?
6788551
Convert -3842733 (base 11) to base 14.
-c5701a
What is -451832 (base 9) in base 11?
-175185
283266 (base 10) to base 2
1000101001010000010
What is -23002333 (base 5) in base 8?
-615314
17271766 (base 8) to base 5
2012334012
What is 313211044 (base 5) in base 7?
14040312
Convert -20210102013 (base 4) to base 12.
-903773
2b4829 (base 13) to base 8
4043664
What is -101362 (base 8) in base 7?
-166506
Convert 1066164 (base 7) to base 13.
49119
Convert 2bd45 (base 16) to base 2.
101011110101000101
What is 2c244 (base 14) in base 2?
11010111010000100
Convert 103043063 (base 7) to base 5.
3032102201
-f035 (base 16) to base 2
-1111000000110101
What is 7184b (base 13) in base 3?
101100012111
-317a2 (base 11) to base 13
-1805b
What is -167680 (base 15) in base 13?
-2c1423
Convert 84c351 (base 16) to base 5.
4211411003
-3204323 (base 12) to base 16
-9064cb
What is 148a941 (base 12) in base 16?
3f90c1
Convert 164283 (base 11) to base 4.
332021122
Convert -102110022 (base 3) to base 5.
-231401
Convert 2000012112202 (base 3) to base 13.
2b4822
What is 20443030 (base 5) in base 2?
101001111001111000
1618500 (base 9) to base 10
898533
-2519758 (base 10) to base 9
-4660411
What is 912256 (base 10) in base 14?
19a652
142b38 (base 12) to base 14
8aa96
36306 (base 12) to base 14
1c874
What is -607d91 (base 14) in base 15?
-442937
Convert -4481a (base 12) to base 11.
-62435
What is 11cb32 (base 15) in base 4?
3100100132
Convert 100101110101000011001 (base 2) to base 5.
304131302
Convert -93594 (base 15) to base 16.
-72046
-24146436 (base 8) to base 9
-10860816
Convert 11575465 (base 8) to base 11.
1495404
Convert 201100021120 (base 3) to base 9.
640246
58a89e (base 15) to base 9
7867765
Convert -10481 (base 14) to base 10.
-39313
What is 197039c (base 13) in base 11?
47a6840
Convert -2072612 (base 12) to base 7.
-103013543
Convert 112112011020020 (base 3) to base 5.
3434000240
-354413 (base 8) to base 5
-12333344
What is 13506023 (base 7) in base 14?
24c1ba
1033103320 (base 5) to base 8
10423010
What is 11211210 (base 5) in base 8?
304705
Convert b92a90 (base 13) to base 4.
100211121101
Convert -202013111030 (base 4) to base 9.
-17740342
What is 51335323 (base 6) in base 14?
2a5639
What